416026. Give j(4).
2
Let m(w) = 47*w + 2352. Calculate m(-50).
2
Let k(g) = -g**2 + 15*g + 892. Calculate k(39).
-44
Let c(d) = d**3 - 31*d**2 + 219*d - 166. Calculate c(21).
23
Let u(k) = -k**3 - 7*k**2 - 3*k - 10. What is u(-8)?
78
Let o(w) = -53*w - 152. Give o(-3).
7
Let b(t) = -11*t**2 + 11*t + 24. What is b(2)?
2
Let f(z) = -8*z - 862. Calculate f(-109).
10
Let u(h) = 21*h**2 - 3719*h + 357. What is u(177)?
3
Let z(l) = l**3 - 16*l**2 + 69*l - 125. Calculate z(8).
-85
Let l(z) = 14*z**2 + 382*z - 1153. What is l(3)?
119
Let v(t) = t**3 - t**2 - 28*t + 5. Give v(6).
17
Let n(i) = 1636*i + 1653. Give n(-1).
17
Let t(p) = p - 4. Calculate t(-7).
-11
Let i(h) = h**2 - 17*h + 142. Calculate i(7).
72
Let x(z) = -z**2 - 13*z + 248. Give x(-23).
18
Let z(k) = 14*k + 37. Calculate z(-3).
-5
Let x(c) = -813*c - 1535. Calculate x(-2).
91
Let p(w) = 1376*w + 4110. Calculate p(-3).
-18
Let h(s) = -7*s**2 - 279*s - 1363. What is h(-5)?
-143
Let i(h) = -30*h**2 + 8*h + 1. Determine i(-1).
-37
Let a(m) = 141*m - 1120. Give a(8).
8
Let x(h) = h**2 - 68*h + 225. Determine x(69).
294
Let a(m) = -17*m**2 - 3*m + 647. Determine a(6).
17
Let m(t) = -8*t - 333. Give m(-40).
-13
Let i(k) = -3*k - 99. What is i(11)?
-132
Let c(m) = -m**3 + 106*m**2 + 3434*m + 52. Give c(-26).
0
Let l(h) = -5*h**2 - 61*h + 54. Calculate l(0).
54
Let i(f) = -f + 68. Give i(-7).
75
Let q(f) = 3*f**3 - 6*f**2 - 4*f - 2. Give q(-1).
-7
Let z(c) = c**3 - 8*c**2 - 16*c + 68. Give z(0).
68
Let s(h) = -h**3 + 9*h**2 + 87*h + 25. What is s(15)?
-20
Let n(p) = -2*p**3 - p**2 - 99*p - 7. Determine n(0).
-7
Let s(n) = -11*n - 33. Determine s(7).
-110
Let t(f) = -3*f**3 + 61*f**2 + 42*f + 18. What is t(21)?
18
Let v(g) = -106*g - 272. Calculate v(-3).
46
Let q(z) = -z**2 - 109*z - 2699. Calculate q(-71).
-1
Let z(t) = 8122*t + 40611. What is z(-5)?
1
Let r(h) = h**3 - 3*h**2 - 3*h - 7. Give r(0).
-7
Let j(i) = i**2 + 38*i - 60. Give j(-32).
-252
Let y(d) = -d**2 + 43*d - 336. Determine y(11).
16
Let j(u) = -4*u**2 + 218*u - 714. Calculate j(51).
0
Let b(k) = -k**3 + k**2 + k + 270. What is b(0)?
270
Let s(m) = -m**3 + 22*m**2 - 48*m + 51. Calculate s(19).
222
Let b(s) = 2*s**3 + 12*s**2 - 8*s - 52. Calculate b(-6).
-4
Let d(u) = 3*u**2 - 454*u + 5765. Give d(14).
-3
Let l(c) = 45*c**2 - 234*c + 20. Calculate l(7).
587
Let a(y) = -7*y - 143. What is a(-2)?
-129
Let g(q) = -q**3 - 34*q**2 - 14*q + 663. What is g(-33)?
36
Let w(k) = 196*k + 429. What is w(-2)?
37
Let z(r) = 7*r**3 + 41*r**2 + 9*r + 17. Give z(-6).
-73
Let k(a) = a**3 + 63*a**2 - 60*a + 9. Calculate k(-64).
-247
Let b(q) = q**2 + 20*q + 41. Determine b(-16).
-23
Let f(c) = c**3 + 22*c**2 + 35*c - 116. What is f(-20)?
-16
Let q(j) = 6*j**3 + 9*j**2 - 5*j - 2. Give q(1).
8
Let x(w) = -3*w**3 + 22*w**2 + w. Give x(5).
180
Let r(d) = d**3 + 26*d**2 - 55*d - 2. Determine r(-28).
-30
Let h(c) = -12*c**2 - 1802*c - 232. Calculate h(-150).
68
Let a(i) = -i - 23. Give a(-69).
46
Let v(m) = -1296*m - 7783. What is v(-6)?
-7
Let h(u) = -u**2 + 48*u + 5897. Give h(-57).
-88
Let d(z) = z**3 - 12*z**2 - 59*z + 195. Calculate d(15).
-15
Let f(j) = 12*j**2 + 93*j - 27. Determine f(-8).
-3
Let c(f) = f**3 - 11*f**2 + 29*f - 27. Determine c(8).
13
Let u(j) = j**3 + 17*j**2 - 2*j + 37. What is u(-18)?
-251
Let n(q) = -2*q**2 + 23*q - 14. Determine n(18).
-248
Let i(b) = -b**3 + 53*b**2 - 76*b + 1251. Give i(52).
3
Let c(b) = -2*b**2 + 66*b - 40. Calculate c(32).
24
Let h(s) = -50*s + 2763. Determine h(57).
-87
Let r(x) = -2*x**2 + 281*x - 843. Determine r(3).
-18
Let b(p) = -p**3 - 3*p**2 + 648*p + 131. What is b(24)?
131
Let b(p) = -11*p + 124. What is b(29)?
-195
Let u(c) = 97*c + 9204. Give u(-95).
-11
Let z(h) = -11*h**2 + 453*h - 83. What is z(41)?
-1
Let d(g) = 166*g - 899. Determine d(5).
-69
Let x(f) = 5*f - 123. Calculate x(18).
-33
Let f(t) = t**2 - 74*t - 2021. Determine f(94).
-141
Let a(n) = 4*n**2 - 39*n + 81. Give a(18).
675
Let a(m) = -3*m**2 + 50*m + 24. Determine a(21).
-249
Let l(n) = -8*n**3 - 170*n**2 - 39*n + 58. Give l(-21).
-5
Let a(f) = -f**2 - 18*f + 18. Calculate a(-18).
18
Let j(i) = -2*i**3 - 89*i**2 - 666*i - 38. What is j(-35)?
-3
Let n(l) = 2*l**3 + 13*l**2 - 10*l - 9. Determine n(-7).
12
Let j(y) = 10*y**2 - 61*y + 30. Calculate j(6).
24
Let m(t) = 80*t + 1291. Calculate m(-17).
-69
Let a(o) = -3*o**3 + 88*o**2 - 111*o - 7. What is a(28)?
21
Let v(r) = -47*r - 250. Determine v(-26).
972
Let j(b) = 1047*b - 1949. Give j(2).
145
Let s(w) = -372*w - 4766. Calculate s(-13).
70
Let m(r) = -4*r**3 + 5*r**2 + 4*r + 37. Determine m(-3).
178
Let o(q) = -139*q**3 + 3*q**2. What is o(-1)?
142
Let v(h) = 70*h + 707. Give v(-10).
7
Let t(h) = -165*h + 2634. Determine t(16).
-6
Let b(t) = -733*t - 1467. Determine b(-2).
-1
Let y(u) = u**2 + 44*u + 59. What is y(-40)?
-101
Let g(o) = 500*o**2 - 1523*o + 73. What is g(3)?
4
Let m(l) = l**2 - 15*l + 3. Give m(21).
129
Let q(x) = -x + 35. Calculate q(-16).
51
Let b(l) = l**2 - 392*l - 8248. Determine b(-20).
-8
Let s(z) = z**2 - 15*z - 196. Calculate s(25).
54
Let k(n) = 186*n + 1281. What is k(-7)?
-21
Let d(o) = -28*o - 685. Give d(-29).
127
Let u(m) = 4*m**2 + 33*m + 66. What is u(-2)?
16
Let s(r) = -r**3 - 21*r**2 + 185*r + 597. Determine s(-27).
-24
Let r(y) = 138*y + 2764. Determine r(-20).
4
Let p(h) = -h**3 - 166*h**2 - 958*h + 31. Determine p(-6).
19
Let b(s) = s**2 + 48*s + 76. Determine b(-44).
-100
Let z(b) = 4*b**2 - 63*b + 33. Determine z(9).
-210
Let l(r) = -127*r**2 - 1896*r + 136. Determine l(-15).
1
Let u(j) = 17*j - 1001. Calculate u(58).
-15
Let x(w) = -w**2 + 134*w + 1201. Calculate x(-8).
65
Let q(h) = h**3 + 14*h**2 - 3*h - 313. Calculate q(-6).
-7
Let j(b) = -19*b - 416. Give j(-24).
40
Let y(n) = n**2 - 21*n - 90. Calculate y(29).
142
Let k(p) = p**2 + 78*p + 1423. Determine k(-29).
2
Let j(y) = 3*y - 186. Determine j(-67).
-387
Let a(q) = -q**3 - 39*q**2 - 79*q - 116. What is a(-36)?
-1160
Let f(g) = 57*g**2 - 14*g - 17. Calculate f(-1).
54
Let r(z) = -5*z**3 - 48*z**2 + 31*z + 140. Calculate r(-10).
30
Let z(a) = -a**3 - 56*a**2 - 65*a - 554. Calculate z(-55).
-4
Let d(c) = 128*c - 304. What is d(2)?
-48
Let v(a) = -120*a - 2883. Calculate v(-24).
-3
Let l(t) = t**3 + 57*t**2 + 154*t - 171. Give l(-54).
261
Let b(i) = 2487*i + 121856. Give b(-49).
-7
Let i(c) = c**3 - 4*c**2 + 15*c + 11. Determine i(0).
11
Let y(p) = 4*p**2 + 4*p - 41. Determine y(3).
7
Let b(t) = -t**2 - 28*t + 315. What is b(-34)?
111
Let o(p) = 48*p + 92. Give o(2).
188
Let c(s) = -2*s**3 + 2*s**2 + 102. Calculate c(0).
102
Let w(u) = -u + 47. Give w(24).
23
Let s(z) = 6*z**3 + 4*z**2 - 5*z + 4. Give s(2).
58
Let t(n) = 6*n**2 - 22*n + 38. Calculate t(2).
18
Let s(k) = 374*k + 1989. Give s(-5).
119
Let g(u) = 42*u - 122. What is g(5)?
88
Let u(y) = 23*y**2 + 9*y + 2. Give u(1).
34
Let u(h) = -3*h**2 + 42*h - 119. Determine u(10).
1
Let t(u) = 1726*u - 22449. Give t(13).
-11
Let r(u) = -u**3 + 51*u**2 - 46*u - 122. What is r(50)?
78
Let t(s) = -1926*s - 9642. What is t(-5)?
-12
Let g(x) = 2*x**2 - 94*x + 810. What is g(12)?
-30
Let b(s) = s**3 - 6*s**2 - 19*s + 34. What is b(8)?
10
Let s(y) = -31*y**3 + 154*y**2 - 2*y + 19. Determine s(5).
-16
Let x(n) = 114*n - 1354. Determine x(11).
-100
Let n(f) = -7*f**2 + 569*f - 572. Determine n(1).
-10
Let j(a) = -3*a**3 + 284*a**2 - 188*a + 11. Determine j(94).
11
Let x(f) = -262*f + 1587. Determine x(6).
15
Let y(t) = 36*t + 155. Determine y(-4).
11
Let i(j) = -4*j**2 - 93*j - 80. What is i(-22)?
30
Let b(d) = -16*d**2 - 99*d - 470. Determine b(-5).
-375
Let y(b) = -2*b**3 + 2*b**2 + 5*b + 573. Give y(0).
573
Let v(g) = -194*g - 648. What is v(-2)?
-260
Let z(n) = -10*n**2 - 1136*n - 1790. Calculate z(-112).
2
Let f(y) = -186*y - 2444. What is f(-13)?
-26
Let k(d) = -2*d**3 - 18*d**2 - 8*d + 6. Determine k(-8).
-58
Let k(u) = -5*u**2 - 38*u + 87. Determine k(2).
-9
Let l(k) = -k**2 + 2*k + 8. Calculate l(4).
0
Let k(v) = 50*v - 869. Give k(16).
-69
Let k(i) = -274*i - 9321. Calculate k(-34).
-5
Let v(b) = -b**2 - 48*b + 1896. Calculate v(26).
-28
Let h(p) = -462*p - 940. What is h(-2)?
-16
Let a(t) = 6*t**2 + 369*t + 1849. Calculate a(-56).
1
Let d(v) = -1606*v - 73883. Calculate d(-46).
-7
Let g(l) = -2*l**3 - 8*l**2 + 6*l + 16. Calculate g